 11. Let u(a) = -22*b(a) + 6*g(a). Calculate u(4).
-12
Suppose 3*i - 2*r - 11 = 0, 23*i - 24*i + r + 3 = 0. Let x(q) = -q + 11. What is x(i)?
6
Let o = -154 - -141. Let k(v) = -v**3 - 14*v**2 - 13*v + 1. Calculate k(o).
1
Let m(w) = -w + 5. Let k = -31 - -46. Let l = -3 + k. Let b be 8/l + 26/6. Give m(b).
0
Let w(l) = 3*l - 14 + 5*l - 2*l + 13 + 10*l. Determine w(-1).
-17
Let n(q) be the first derivative of q**4/4 - q**2 + 15. Let b(f) = -3*f**3 + 4*f**2 + f - 5. Let u(y) = -b(y) - 2*n(y). Determine u(4).
17
Let d(o) = -o - 3. Let n be d(-7). Let b(j) = 4*j**3 - 4*j + 6. Let i(a) = a**3 - a**2 + 1. Let u(y) = b(y) - 5*i(y). Determine u(n).
1
Let j(d) = -4*d. Suppose 6*p - 14*p = -160. Suppose 3*b + 3 = i - p, 2*b + 21 = -5*i. Let w be 2*(4/b - -2). Calculate j(w).
-12
Let w(n) = -11*n**2 + 11*n - 5. Let g(l) = -9*l**2 + 10*l - 5. Let k(h) = 5*g(h) - 4*w(h). Give k(5).
0
Let q(r) = 13*r**3 - 3*r**2 + 3. Let n(h) = -9*h**3 + 2*h**2 - 2. Suppose -i + 6 = 1. Let u(v) = i*q(v) + 7*n(v). Let b be (3 + -3 + -2)/2. Determine u(b).
-2
Suppose a = 4*q + 10 - 24, 0 = 2*a + 5*q - 24. Let l(f) = -2*f**a + 21 - 27 - 7*f + 0*f**2. Calculate l(-4).
-10
Let r(z) = z**2 + z - 1. Let u be ((-11)/((-242)/11))/((-2)/(-16)). Calculate r(u).
19
Let u(a) be the second derivative of a**4/12 - 7*a**3/6 - 4*a**2 + a + 19. Suppose -j = -0*j - 7. Determine u(j).
-8
Let o(l) = 21 + 28 - l**2 - 68 + 24 + 11*l. What is o(12)?
-7
Let f(v) = -v**3 - 7*v**2 - v + 6. Let y(d) = -d**2 + 1. Let h(a) = f(a) - 6*y(a). What is h(0)?
0
Suppose 9 = 9*y - 9. Let f(o) = -5*o**2 - 1. Let p(t) = 5*t**2 + 1. Let h(l) = 3*f(l) + 4*p(l). Determine h(y).
21
Let b(m) be the third derivative of m**5/60 - m**4/6 + 288*m**2 - m. Calculate b(3).
-3
Let g = 2 + -1. Let t(u) = -u**3 + u**2 - 1163*u + 578*u - 3*u**3 + 584*u. Calculate t(g).
-4
Let n be (-8)/2 - 3/(-3). Let d(o) = -2*o**3 - 2*o**2 + 3*o - 1. Give d(n).
26
Let y(b) = 94 - 3*b**2 - 49 + 2*b**2 - 7*b - 14*b - 89. What is y(-19)?
-6
Let x(u) = -u**3 + 5*u**2 + u. Let o = -242 + 246. Determine x(o).
20
Let i(j) = j. Let g be (-520)/(-72) + (-2)/9. Suppose 2*y = g*y - 25. Determine i(y).
5
Let m be (0 + (-6)/(-2))*-1. Let k(b) = -14*b**2 - 6*b - 2. Let t(h) = 1 + 5*h**2 - 3*h + 3*h - 3*h + 5*h. Let d(c) = -4*k(c) - 11*t(c). Calculate d(m).
0
Suppose 5*u - 35 = 90. Let o(s) = s + 23*s**2 - 45*s**2 + u*s**2. Calculate o(-1).
2
Let d(b) = -b - 1. Let j(x) be the third derivative of x**5/60 - 7*x**4/24 - 5*x**3/6 - 16*x**2. Let q(t) = 2*d(t) - j(t). Determine q(6).
-3
Suppose 0 = -5*d - 5*s + 190, -52 = -d + s - 16. Let a(b) = -d*b + 14 + 38*b + 0 + b**2 + 0*b**2. Give a(0).
14
Let x = 1 + -5. Let y(j) = 4*j**2 - 5 - 6*j**2 + 3*j**2 - j. Calculate y(x).
15
Let z(o) = o**2 + 3*o - 1. Let c(u) = 73*u - 144. Let h be c(2). What is z(h)?
9
Let z(l) = l**3 + 11*l**2 + l + 14. Let q be z(-11). Suppose -s = -t, q*t + 5*s + 8 = -8. Let a(m) = -m**2 - m - 2. Determine a(t).
-4
Let z(q) = 3*q + 2 - q**2 + 1 - 7 + 7*q. Calculate z(7).
17
Let a(m) = m - 9. Let o(t) = -38. Let y(s) = -5*a(s) + o(s). Calculate y(4).
-13
Let c(b) = -13*b**2 - 2*b + 1. Let r be (1 - 7)/(-24)*4. Give c(r).
-14
Let l(f) be the first derivative of 5*f**2 + 5*f - 92. Give l(-4).
-35
Let a(l) be the second derivative of 1/20*l**5 + 0 - 7/6*l**3 + 2*l + 7/2*l**2 - 1/2*l**4. Let h(w) = -w**3 - 8*w**2 - 9*w - 7. Let u be h(-7). Determine a(u).
7
Let a(r) be the second derivative of -r**4/6 + r**3/6 - 5*r**2/2 + r + 4. Give a(4).
-33
Let w(v) = 14*v + 14. Let a(o) = o**2 - 14*o - 21. Let l be a(15). Let k(m) = 5*m + 5. Let p(j) = l*w(j) + 17*k(j). Give p(-1).
0
Let f(t) = t - 7*t + 3*t + t**2 + 14 - 15. What is f(3)?
-1
Let o(w) be the third derivative of -w**5/60 + w**4/8 - w**3/6 + 7*w**2 + 2*w. Let m = -10 + 11. Determine o(m).
1
Suppose 5*y + 30 - 10 = 0. Let d(l) = l**3 - 44*l**2 - 2 + 49*l**2 + 1. Calculate d(y).
15
Suppose -3*v + 2*y + 258 = -y, 4*y = 2*v - 168. Let w = v - 85. Let j(x) = -2*x**2 + 2*x + 4. What is j(w)?
-8
Let q be 3/(-9)*(1 - 4). Let l(t) = 2*t**2 + 0 - q - t**2 - t + 4*t**2. What is l(-1)?
5
Let m be (-3)/2*250/(-75). Suppose 4*j - 10 = m*o, 0 = -5*j + 5*o + 1 + 9. Let f(s) = -s**2 + s - 5. Determine f(j).
-5
Let u(y) = 3*y - 13. Suppose 2*p + 214*f + 10 = 219*f, -4*f = 3*p - 31. Calculate u(p).
2
Let c(f) be the third derivative of f**6/720 + f**5/120 + f**4/8 + 2*f**3/3 + 29*f**2 + 2*f. Let p(n) be the second derivative of c(n). What is p(-3)?
-2
Let v = 17 + 11. Suppose -3*a + w - v = a, 0 = 3*a - 5*w + 21. Let c(k) = -k**2 - 8*k - 7. Give c(a).
0
Let s be 15/(-12) - (-18)/12. Let d(t) be the first derivative of -s*t**4 - 5 + 5/3*t**3 - 4*t + 7/2*t**2. Determine d(6).
2
Suppose 6 + 9 = -5*z. Let h(b) be the first derivative of b**2/2 + 3*b - 1. Let j be h(z). Let k(g) = g**2 - g - 3. Calculate k(j).
-3
Let c(y) = 2*y**2 - y. Let f(o) = 3*o**2 - 9*o + 4. Let s(n) = 2*c(n) - f(n). Give s(-8).
4
Let f(t) = 8*t - 6. Let w be f(2). Let u(a) = a**3 - 9*a**2 - 13*a + 28. What is u(w)?
-2
Suppose 5*x - b - 17 = 0, -3*x + 5*b = -0*b + 3. Let v be -2*(-5)/(-10)*-1. Let a(p) = 12*p + v - p - 8*p - 3. Give a(x).
10
Let n(p) = 2*p + 1. Let u(l) = -9*l - 1. Let x(a) = 4*n(a) + u(a). Let y(g) = 3*g + 3. Let v(z) = -z**2 - 13*z - 14. Let h be v(-12). Let b be y(h). Give x(b).
6
Suppose -17 = -5*w + 3*j, 7*w - 3*w - 3*j = 16. Let k(l) = -11*l - 1. Calculate k(w).
-12
Suppose -3*t + 5*g + 6 + 4 = 0, 0 = 2*g - 8. Let p(f) = -13*f**2 + 22*f**2 + 2 + 1 - 2*f - t*f**2. Determine p(-5).
-12
Let x(c) be the second derivative of -c**4/12 + c**3 - c**2 + 3*c. Suppose 3*b + 8 = b. Let g be 5*b/(-16)*4. Determine x(g).
3
Let s = 26 + -22. Let h be 3 - (20/6 - s/12). Let m(z) = z**2 - z - 2. Determine m(h).
-2
Let p = 93 - 96. Let d(k) = -k**3 - 4*k**2 + 2*k + 4. Determine d(p).
-11
Let y(g) = g - 4. Let j be y(6). Let w(h) = -1 - 5*h**2 + 2*h - 144*h**3 + 0*h + 145*h**3. Give w(j).
-9
Let b(r) be the first derivative of -r**5/60 + 3*r**4/8 - 5*r**3/6 + 11*r**2/2 + 11. Let k(p) be the second derivative of b(p). Give k(8).
3
Suppose -r = -9 + 5. Suppose 29 = r*k + 1. Let t(y) = -3 + y + k - 1. What is t(4)?
7
Suppose 7 + 17 = -d. Let v be 4*d/(-3)*(-2)/(-16). Let p(c) = 3*c**2 - 5*c - 3. Determine p(v).
25
Let t(a) be the first derivative of 1/3*a**3 + 1/4*a**4 - a**2 - a + 22. Suppose 5*z - 2 = -12. Determine t(z).
-1
Let f(u) be the first derivative of -u**3/3 + u**2 + 43. Determine f(4).
-8
Let l(h) = 7*h**2 - 11*h + 5. Let x(m) be the first derivative of m**3 - 3*m**2 + 2*m + 8. Let p(g) = 2*l(g) - 5*x(g). Calculate p(8).
0
Let d(g) be the third derivative of g**4/24 + g**3/2 - 5*g**2. Let i be d(8). Let p = i - 10. Let c(o) = 9*o**2 + 2*o - 1. Calculate c(p).
10
Let h = -811 + 811. Let l(f) = f**3 + f**2 - 7. Calculate l(h).
-7
Let t be (-2)/(-3 - 15/(-6)). Let v(k) be the third derivative of k**4/24 - k**3/6 - 14*k**2 - 6. Calculate v(t).
3
Let r(a) = 5*a**2 + 6*a + 22. Let u(t) = -t**2 - 4. Let q(f) = r(f) + 6*u(f). Determine q(6).
-2
Let k(f) = -f**3 - 2*f**2 - 4*f - 24. Let c be k(-3). Let x(z) = -z**2 - 6*z - 10. Calculate x(c).
-1
Suppose 19*r - 49*r - 180 = 0. Let y(q) = -3*q - 6. What is y(r)?
12
Let i(y) be the second derivative of -y**6/360 + y**5/24 + y**4/24 + 13*y**3/6 + 15*y. Let g(t) be the second derivative of i(t). What is g(3)?
7
Let l(z) = z**2 - 2*z - 21. Let x = 626 + -626. Calculate l(x).
-21
Let g = -6 - -8. Let b be g + (14 - -1)/(-1). Let i = b + 16. Let r(l) = l. What is r(i)?
3
Suppose -32*v - 53 - 43 = 0. Let w(d) = -d**2 - d + 1. What is w(v)?
-5
Let h = 118 - 109. Let z(t) = 2*t - 5. Give z(h).
13
Suppose 40 - 136 = 24*t. Let b(d) = -2*d**2 - 6*d - 1. Determine b(t).
-9
Let o be (-6)/(-8)*-1 - 875/(-100). Let f(h) = 2*h - 11. What is f(o)?
5
Let q(a) = -a**2 - 4*a - 1. Let y be 92/16 - (-2)/8. Let j(m) = -2*m + 16. Let n be j(y). Let x = -2 - n. Calculate q(x).
-13
Let k(p) be the third derivative of p**4/8 - 3*p**3 - 47*p**2. What is k(7)?
3
Let d = 47 - 50. Let c(k) = -4*k - 1. Let m(u) = -3*u - 1. Let y(p) = 5*c(p) - 6*m(p). Calculate y(d).
7
Let j(b) = b + 7. Let s be 182/(-13) + (-6 - -6). Calculate j(s).
-7
Let r(s) be the third derivative of s**6/120 + s**5/15 + s**4/24 + 2*s**3/3 - 15*s**2. Let k = 88 - 136. Let x be ((-3)/(-2))/(18/k). G